se 12 = 4*c - n. What is the highest common factor of c and 28?
4
Suppose j - 10 = -4*j. Let a be j/(-2) + 1 + 25. Let b = a - 15. What is the highest common divisor of b and 50?
10
Let j = 33 - 30. Let g = 0 + 0. Let t be (g - (0 + j)) + 8. What is the greatest common divisor of 55 and t?
5
Let q be (4 - 2)/((-1)/(-60)). What is the greatest common divisor of 40 and q?
40
Let c(k) = k**2 - 2. Let q be c(3). Suppose 2*u - 163 = 389. Suppose 5*r - 4 = u. What is the highest common divisor of r and q?
7
Let n be (32 - 18)*10/7. Suppose 3*t - 343 = -103. What is the greatest common divisor of n and t?
20
Let h be 1/(-2*(-3)/18). Suppose 0 = 5*w + u - 230, 66 = -h*w + 2*u + 191. What is the highest common divisor of w and 5?
5
Suppose 0 = -4*u - 4*l - l + 340, -5*l = 0. Let k(w) = w**3 + 6*w**2 - 2*w + 1. Let f be k(-3). What is the highest common factor of f and u?
17
Let a(m) = -2*m**3 - m**2 + 2*m + 3. Let l be a(-2). Calculate the highest common divisor of 99 and l.
11
Let p = -52 - -86. What is the greatest common factor of p and 34?
34
Let o be 14/21*27/2. What is the greatest common divisor of o and 63?
9
Let v = 4 - 4. Let g = 2 + v. Suppose z = g*z, 3*i - z = 363. What is the greatest common divisor of i and 11?
11
Let n(r) be the second derivative of r**4/12 - r**3 + 7*r**2/2 - r. Let k be n(5). Suppose k = -b + 5. Calculate the greatest common divisor of 3 and b.
3
Let i be (-1 - 2)*(-8)/12. Suppose -10 = -3*j - 2*j - i*n, n - 10 = -5*j. Let z be 1/(-2)*-2 - 0. Calculate the greatest common factor of z and j.
1
Suppose 4*n = 228 - 8. Suppose -3*f + 2*i + 47 = 0, -3*f + 2*i = 4*i - n. Calculate the greatest common factor of f and 68.
17
Suppose 4*x = -5*z + 15, -2*z - 3*x + 6 = -8*x. Suppose z*q = 5*q - 126. What is the highest common factor of 9 and q?
9
Suppose -3*o + 38 = v, 5*o + 5*v = v + 61. Calculate the highest common factor of o and 104.
13
Suppose r - 18 = 28. What is the highest common factor of 2 and r?
2
Let h(o) = -o**2 - 14*o - 3. Let z be 1*(-9 - (-3 - -3)). Let b be h(z). What is the highest common divisor of b and 28?
14
Let q(h) = -h**3 + 18*h**2 + 20*h - 16. Let t be q(19). Let j be 12/(2*1)*2. Calculate the highest common divisor of j and t.
3
Let y(l) = -l**2 + 9*l. Let k be y(6). Suppose -6 - k = -n. Let x be ((-2)/(-4))/((-4)/(-96)). What is the greatest common factor of n and x?
12
Let q(g) = -g**3 + 3*g**2 + 2*g - 3. Let v be q(3). Suppose -12 = v*f, 0 = -3*n - f + 1 + 7. What is the highest common factor of 36 and n?
4
Let s(c) be the second derivative of 59*c**3/6 + 3*c**2/2 + 6*c. Let u be s(3). What is the highest common factor of u and 20?
20
Suppose -3*p + 11 = 2*v, 2*p - 1 = -2*v + 5. Let w(a) = -26*a - 1. Let i be w(-1). Calculate the greatest common factor of p and i.
5
Let b(u) = 4*u**2 - 4*u + 2. Suppose -3 = k, -4*s + 15 = -4*k - 5. Let w be b(s). Calculate the highest common divisor of w and 4.
2
Let w(m) = -m**3 - 7*m**2 + 9*m + 16. Let r be w(-8). Calculate the highest common factor of 64 and r.
8
Suppose 5*y + 4*i = 81, -4*i = 3*y + i - 59. Let b(z) = 72*z**3 + 2*z - 1. Let f be b(1). Let o = f - 34. Calculate the highest common divisor of o and y.
13
Let s = 13 + 5. Suppose -s = -4*o + o. Suppose -3*i + o*i = 2*t + 34, 4*i - 7 = -5*t. What is the greatest common factor of 40 and i?
8
Let t be 4/(-6) + 1/(-3). Let p be t - -67 - (0 + 2). Let m(d) = -2*d + 2. Let v be m(-3). What is the greatest common factor of p and v?
8
Let b = -83 + 219. What is the highest common factor of b and 17?
17
Suppose -2*j + 118 = -h + 6*h, -2*j = 3*h - 74. Calculate the greatest common divisor of 2 and h.
2
Let z(a) = a + 4. Let v be z(-2). Let u(i) = -i + i**2 - v*i + 4*i. Let k be u(-4). Calculate the highest common divisor of k and 4.
4
Suppose -4*m - 3*i = 90, 2*i = -6 + 2. Let k be 1*45 - m/(-7). What is the greatest common factor of 105 and k?
21
Suppose -2*i + 4 = 0, -4*i + 25 = 3*o - 46. Suppose -2*y = -v + o, v - 6 = -3*y + 2*y. What is the greatest common factor of v and 11?
11
Let b be (-126)/(-15) + 6/(-15). Let t(j) = j**2 + j + 17. Let f be t(0). Let a = f - -7. Calculate the greatest common factor of a and b.
8
Suppose 35 = 4*z - 17. Let n(f) = -3*f**2 - 3. Let x be n(5). Let v be (x/15)/((-1)/20). Calculate the greatest common factor of z and v.
13
Let b(m) = 19*m**3 - 2*m**2 - m. Let c be b(-1). Let u be c/2*2*-2. Calculate the highest common divisor of u and 8.
8
Let i = 9 - 8. Let s be (-2 - i) + 311*1. Calculate the greatest common factor of 28 and s.
28
Let t = 21 + -17. Suppose 0 = -2*s - 3*o + 29, -t*s - 27 + 118 = -5*o. Calculate the highest common factor of s and 133.
19
Suppose -64 = -3*i - 5*i. Calculate the greatest common factor of i and 88.
8
Let j(d) = d**3 + 2*d. Let o be j(3). Calculate the highest common divisor of 11 and o.
11
Suppose -8*c = -11*c + 36. What is the highest common divisor of 8 and c?
4
Let x = 47 + -26. Suppose 0 = -r + x + 42. What is the greatest common divisor of r and 7?
7
Let f be -18*((-6)/4)/3. Let t(n) = n - 2. Let l be t(5). Calculate the greatest common divisor of f and l.
3
Let c be (-18)/12*(-8)/6. Suppose c*b - 5*s = -0*b + 137, -4*b + s + 265 = 0. Let n = 21 - 15. What is the highest common divisor of n and b?
6
Let i(q) = -3 - 8*q + 8 + 6 + 3. Let s be i(-11). What is the highest common factor of s and 17?
17
Suppose -h = 3*s - 19, -5*h = -2*h + 3*s - 27. Let c(u) = u**2 - 2*u + 4. Let q be c(h). Calculate the highest common divisor of 8 and q.
4
Let g = 84 + -56. Suppose 0*i = 4*i. Let u(m) = m**3 + m + 14. Let x be u(i). What is the greatest common factor of x and g?
14
Let d be 2 + 1 + (0 - -2). Suppose -d*k + k + 132 = 0. Let m be 6/(-21) - 23/(-7). What is the highest common factor of k and m?
3
Let g = -270 - -425. Calculate the highest common factor of g and 31.
31
Let o(f) = -f**2 + 9*f - 11. Let x be o(6). What is the greatest common divisor of 7 and x?
7
Let q be (-36)/(-10)*(6 + -1). Suppose 9*c = 13*c - 24. Calculate the greatest common factor of c and q.
6
Suppose -2*r = m - 7*r + 37, 4*m + 2*r + 82 = 0. Let q be (0 + m)*6/(-4). Suppose -4*i + 7*i - q = 0. What is the highest common factor of i and 55?
11
Let w = -48 + 248. Suppose -n + 104 = n - 2*p, w = 4*n + 4*p. Suppose 5*j + 4*o = 186, -2*j + 66 = -2*o + 6. What is the highest common divisor of j and n?
17
Suppose -x - x + 4 = 0, -2*h + 5*x = -14. What is the highest common factor of h and 30?
6
Suppose 4*w = -2*c + 182, 0*w - 355 = -4*c - 5*w. What is the highest common factor of 34 and c?
17
Let h be (1/(-2))/(2/(-20)). Suppose -4*l + 35 = l - 5*x, -h*l + 2*x + 50 = 0. Calculate the greatest common divisor of l and 60.
12
Suppose -3*f = -2*f - 2. Let r(h) = -h**3 + 3*h**2 + h - 1. Let a be r(f). What is the highest common factor of 5 and a?
5
Let y(s) = -s + 4. Let d be y(0). Let x = d + -2. Suppose b - 9 = -x*b, -92 = -5*q - 4*b. What is the highest common factor of 4 and q?
4
Let m = 0 - -5. Suppose -m*q + 53 = -i, 5*q + i - 8 = 39. What is the greatest common divisor of 10 and q?
10
Let g = 35 - 33. Calculate the greatest common divisor of g and 16.
2
Let a(y) = 12*y - 2. Let r be a(2). Suppose m + 3*w - 95 = -m, 40 = m + 3*w. What is the highest common factor of m and r?
11
Suppose 3*o + 9*d - 83 = 4*d, 4*o - 64 = 5*d. Let n = 93 - o. What is the greatest common divisor of 8 and n?
8
Suppose 5*a = -5*y + 1165, -4*y - 3*a + 203 = -726. Calculate the highest common divisor of y and 46.
46
Suppose 0 = -2*u - 3*u + 25. Suppose 0*y = -u*g + y, -2*y + 12 = 2*g. Suppose 0 = -2*d - 0*d + 8. Calculate the greatest common factor of g and d.
1
Suppose 5*n = 308 + 132. Suppose -2*g + n = z, 0*z + 309 = 3*z - 3*g. Let w = 51 - 37. What is the highest common divisor of w and z?
14
Suppose 48*b = 54*b - 54. Let j(w) = 2*w**2 - 2. Let x be j(-2). What is the greatest common divisor of x and b?
3
Suppose 3*p = 2*o + 1, 4 = 3*o - 2*p - 2. Suppose -19*l + 12 = -17*l. What is the greatest common divisor of l and o?
2
Suppose -x - 3*x = -156. Suppose 4*f - x = 1. Suppose -5*t + 3 = -7. Calculate the highest common factor of t and f.
2
Let y be ((-40)/(-15))/(4/102). Let d = -12 + y. Calculate the greatest common divisor of d and 7.
7
Let a(j) = j**3 + 8*j**2 + 8*j + 15. Let m be a(-7). Calcula